Last updated on 2022-08-15 08:50:06 CEST.
Flavor | Version | Tinstall | Tcheck | Ttotal | Status | Flags |
---|---|---|---|---|---|---|
r-devel-linux-x86_64-debian-clang | 1.1.0 | 10.61 | 91.45 | 102.06 | NOTE | |
r-devel-linux-x86_64-debian-gcc | 1.1.0 | 7.50 | 68.20 | 75.70 | NOTE | |
r-devel-linux-x86_64-fedora-clang | 1.1.0 | 130.78 | NOTE | |||
r-devel-linux-x86_64-fedora-gcc | 1.1.0 | 135.13 | NOTE | |||
r-devel-windows-x86_64 | 1.1.0 | 36.00 | 118.00 | 154.00 | NOTE | |
r-patched-linux-x86_64 | 1.1.0 | 6.35 | 85.67 | 92.02 | OK | |
r-release-linux-x86_64 | 1.1.0 | 8.32 | 85.75 | 94.07 | OK | |
r-release-macos-arm64 | 1.1.0 | 39.00 | OK | |||
r-release-macos-x86_64 | 1.1.0 | 62.00 | OK | |||
r-release-windows-x86_64 | 1.1.0 | 42.00 | 122.00 | 164.00 | OK | |
r-oldrel-macos-arm64 | 1.1.0 | 43.00 | OK | |||
r-oldrel-macos-x86_64 | 1.1.0 | 68.00 | OK | |||
r-oldrel-windows-ix86+x86_64 | 1.1.0 | 23.00 | 114.00 | 137.00 | OK |
Version: 1.1.0
Check: package subdirectories
Result: NOTE
Problems with news in 'NEWS.md':
No news entries found.
Flavors: r-devel-linux-x86_64-debian-clang, r-devel-linux-x86_64-debian-gcc, r-devel-linux-x86_64-fedora-clang, r-devel-linux-x86_64-fedora-gcc, r-devel-windows-x86_64
Version: 1.1.0
Check: HTML version of manual
Result: NOTE
Found the following HTML validation problems:
Dbf4myc.html:68:20: Warning: <a> illegal characters found in URI
Dbf4myc.html:69:12: Warning: <a> illegal characters found in URI
MFAseq.html:68:38: Warning: <a> illegal characters found in URI
MFAseq.html:69:29: Warning: <a> illegal characters found in URI
W303.html:66:20: Warning: <a> illegal characters found in URI
W303.html:67:12: Warning: <a> illegal characters found in URI
W303_G2.html:58:4: Warning: <a> illegal characters found in URI
W303_S.html:58:4: Warning: <a> illegal characters found in URI
W303norm.html:68:20: Warning: <a> illegal characters found in URI
W303norm.html:69:12: Warning: <a> illegal characters found in URI
sortSeq.html:77:28: Warning: <a> illegal characters found in URI
sortSeq.html:78:20: Warning: <a> illegal characters found in URI
sortSeq.html:79:16: Warning: <a> illegal characters found in URI
sortSeq.html:80:17: Warning: <a> illegal characters found in URI
Flavors: r-devel-linux-x86_64-debian-clang, r-devel-linux-x86_64-debian-gcc, r-devel-linux-x86_64-fedora-clang, r-devel-linux-x86_64-fedora-gcc