Last updated on 2022-08-15 08:50:06 CEST.
Flavor | Version | Tinstall | Tcheck | Ttotal | Status | Flags |
---|---|---|---|---|---|---|
r-devel-linux-x86_64-debian-clang | 1.0.0 | 4.42 | 33.96 | 38.38 | NOTE | |
r-devel-linux-x86_64-debian-gcc | 1.0.0 | 3.25 | 26.87 | 30.12 | NOTE | |
r-devel-linux-x86_64-fedora-clang | 1.0.0 | 58.75 | NOTE | |||
r-devel-linux-x86_64-fedora-gcc | 1.0.0 | 56.80 | NOTE | |||
r-devel-windows-x86_64 | 1.0.0 | 22.00 | 62.00 | 84.00 | OK | |
r-patched-linux-x86_64 | 1.0.0 | 4.15 | 33.71 | 37.86 | NOTE | |
r-release-linux-x86_64 | 1.0.0 | 3.67 | 33.76 | 37.43 | NOTE | |
r-release-macos-arm64 | 1.0.0 | 16.00 | NOTE | |||
r-release-macos-x86_64 | 1.0.0 | 35.00 | NOTE | |||
r-release-windows-x86_64 | 1.0.0 | 7.00 | 62.00 | 69.00 | OK | |
r-oldrel-macos-arm64 | 1.0.0 | 18.00 | OK | |||
r-oldrel-macos-x86_64 | 1.0.0 | 26.00 | OK | |||
r-oldrel-windows-ix86+x86_64 | 1.0.0 | 11.00 | 52.00 | 63.00 | OK |
Version: 1.0.0
Check: package dependencies
Result: NOTE
Package suggested but not available for checking: 'RevGadgets'
Flavors: r-devel-linux-x86_64-debian-clang, r-devel-linux-x86_64-debian-gcc, r-devel-linux-x86_64-fedora-clang, r-devel-linux-x86_64-fedora-gcc, r-patched-linux-x86_64, r-release-linux-x86_64, r-release-macos-arm64, r-release-macos-x86_64