Last updated on 2022-08-15 08:50:06 CEST.
Flavor | Version | Tinstall | Tcheck | Ttotal | Status | Flags |
---|---|---|---|---|---|---|
r-devel-linux-x86_64-debian-clang | 0.24.2 | 4.15 | 36.22 | 40.37 | NOTE | |
r-devel-linux-x86_64-debian-gcc | 0.24.2 | 3.98 | 27.97 | 31.95 | NOTE | |
r-devel-linux-x86_64-fedora-clang | 0.24.2 | 60.69 | NOTE | |||
r-devel-linux-x86_64-fedora-gcc | 0.24.2 | 58.90 | NOTE | |||
r-devel-windows-x86_64 | 0.24.2 | 32.00 | 65.00 | 97.00 | NOTE | |
r-patched-linux-x86_64 | 0.24.2 | 5.26 | 34.95 | 40.21 | OK | |
r-release-linux-x86_64 | 0.24.2 | 4.39 | 34.92 | 39.31 | OK | |
r-release-macos-arm64 | 0.24.2 | 23.00 | OK | |||
r-release-macos-x86_64 | 0.24.2 | 28.00 | OK | |||
r-release-windows-x86_64 | 0.24.2 | 33.00 | 64.00 | 97.00 | OK | |
r-oldrel-macos-arm64 | 0.24.2 | 27.00 | OK | |||
r-oldrel-macos-x86_64 | 0.24.2 | 38.00 | OK | |||
r-oldrel-windows-ix86+x86_64 | 0.24.2 | 13.00 | 66.00 | 79.00 | OK |
Version: 0.24.2
Check: Rd files
Result: NOTE
checkRd: (-1) CardioRiskFactors.Rd:35: Escaped LaTeX specials: \&
Flavors: r-devel-linux-x86_64-debian-clang, r-devel-linux-x86_64-debian-gcc, r-devel-linux-x86_64-fedora-clang, r-devel-linux-x86_64-fedora-gcc, r-devel-windows-x86_64