Last updated on 2022-08-15 08:50:06 CEST.
Flavor | Version | Tinstall | Tcheck | Ttotal | Status | Flags |
---|---|---|---|---|---|---|
r-devel-linux-x86_64-debian-clang | 4.1.8 | 52.09 | 44.54 | 96.63 | OK | |
r-devel-linux-x86_64-debian-gcc | 4.1.8 | 45.41 | 33.09 | 78.50 | OK | |
r-devel-linux-x86_64-fedora-clang | 4.1.8 | 140.54 | OK | |||
r-devel-linux-x86_64-fedora-gcc | 4.1.8 | 133.50 | OK | |||
r-devel-windows-x86_64 | 4.1.8 | 148.00 | 96.00 | 244.00 | OK | |
r-patched-linux-x86_64 | 4.1.8 | 47.35 | 42.66 | 90.01 | OK | |
r-release-linux-x86_64 | 4.1.8 | 44.71 | 42.43 | 87.14 | OK | |
r-release-macos-arm64 | 4.1.8 | 40.00 | NOTE | |||
r-release-macos-x86_64 | 4.1.8 | 50.00 | NOTE | |||
r-release-windows-x86_64 | 4.1.8 | 118.00 | 90.00 | 208.00 | OK | |
r-oldrel-macos-arm64 | 4.1.8 | 51.00 | NOTE | |||
r-oldrel-macos-x86_64 | 4.1.8 | 54.00 | NOTE | |||
r-oldrel-windows-ix86+x86_64 | 4.1.8 | 207.00 | 96.00 | 303.00 | OK |
Version: 4.1.8
Check: installed package size
Result: NOTE
installed size is 5.6Mb
sub-directories of 1Mb or more:
libs 4.8Mb
Flavors: r-release-macos-arm64, r-release-macos-x86_64, r-oldrel-macos-arm64, r-oldrel-macos-x86_64