Last updated on 2022-08-15 08:50:06 CEST.
Flavor | Version | Tinstall | Tcheck | Ttotal | Status | Flags |
---|---|---|---|---|---|---|
r-devel-linux-x86_64-debian-clang | 0.9.0.116 | 157.21 | 360.70 | 517.91 | OK | |
r-devel-linux-x86_64-debian-gcc | 0.9.0.116 | 122.55 | 266.93 | 389.48 | OK | |
r-devel-linux-x86_64-fedora-clang | 0.9.0.116 | 622.63 | OK | |||
r-devel-linux-x86_64-fedora-gcc | 0.9.0.116 | 635.49 | OK | |||
r-devel-windows-x86_64 | 0.9.0.116 | 164.00 | 244.00 | 408.00 | OK | |
r-patched-linux-x86_64 | 0.9.0.116 | 135.56 | 339.75 | 475.31 | OK | |
r-release-linux-x86_64 | 0.9.0.116 | 127.79 | 339.31 | 467.10 | OK | |
r-release-macos-arm64 | 0.9.0.116 | 137.00 | NOTE | |||
r-release-macos-x86_64 | 0.9.0.116 | 204.00 | NOTE | |||
r-release-windows-x86_64 | 0.9.0.116 | 255.00 | 251.00 | 506.00 | OK | |
r-oldrel-macos-arm64 | 0.9.0.116 | 127.00 | NOTE | |||
r-oldrel-macos-x86_64 | 0.9.0.116 | 206.00 | NOTE | |||
r-oldrel-windows-ix86+x86_64 | 0.9.0.116 | 157.00 | 9.00 | 166.00 | ERROR |
Version: 0.9.0.116
Check: installed package size
Result: NOTE
installed size is 9.2Mb
sub-directories of 1Mb or more:
libs 9.0Mb
Flavors: r-release-macos-arm64, r-release-macos-x86_64, r-oldrel-macos-arm64, r-oldrel-macos-x86_64
Version: 0.9.0.116
Check: whether package can be installed
Result: ERROR
Installation failed.
Flavor: r-oldrel-windows-ix86+x86_64