Last updated on 2022-08-15 08:50:06 CEST.
Flavor | Version | Tinstall | Tcheck | Ttotal | Status | Flags |
---|---|---|---|---|---|---|
r-devel-linux-x86_64-debian-clang | 0.1.3 | 5.05 | 95.21 | 100.26 | OK | |
r-devel-linux-x86_64-debian-gcc | 0.1.3 | 3.89 | 67.97 | 71.86 | OK | |
r-devel-linux-x86_64-fedora-clang | 0.1.3 | 124.54 | NOTE | |||
r-devel-linux-x86_64-fedora-gcc | 0.1.3 | 120.68 | NOTE | |||
r-devel-windows-x86_64 | 0.1.3 | 22.00 | 130.00 | 152.00 | OK | |
r-patched-linux-x86_64 | 0.1.3 | 3.60 | 84.12 | 87.72 | OK | |
r-release-linux-x86_64 | 0.1.3 | 4.57 | 85.78 | 90.35 | OK | |
r-release-macos-arm64 | 0.1.3 | 38.00 | NOTE | |||
r-release-macos-x86_64 | 0.1.3 | 55.00 | NOTE | |||
r-release-windows-x86_64 | 0.1.3 | 24.00 | 134.00 | 158.00 | OK | |
r-oldrel-macos-arm64 | 0.1.3 | 36.00 | NOTE | |||
r-oldrel-macos-x86_64 | 0.1.3 | 51.00 | NOTE | |||
r-oldrel-windows-ix86+x86_64 | 0.1.3 | 14.00 | 103.00 | 117.00 | OK |
Version: 0.1.3
Check: dependencies in R code
Result: NOTE
Namespace in Imports field not imported from: ‘tidyr’
All declared Imports should be used.
Flavors: r-devel-linux-x86_64-fedora-clang, r-devel-linux-x86_64-fedora-gcc, r-release-macos-arm64, r-release-macos-x86_64, r-oldrel-macos-arm64, r-oldrel-macos-x86_64