Last updated on 2022-08-15 08:50:06 CEST.
Flavor | Version | Tinstall | Tcheck | Ttotal | Status | Flags |
---|---|---|---|---|---|---|
r-devel-linux-x86_64-debian-clang | 1.0.2 | 25.49 | 29.14 | 54.63 | OK | |
r-devel-linux-x86_64-debian-gcc | 1.0.2 | 20.04 | 22.86 | 42.90 | OK | |
r-devel-linux-x86_64-fedora-clang | 1.0.2 | 87.41 | NOTE | |||
r-devel-linux-x86_64-fedora-gcc | 1.0.2 | 78.67 | NOTE | |||
r-patched-linux-x86_64 | 1.0.2 | 19.61 | 28.43 | 48.04 | OK | |
r-release-linux-x86_64 | 1.0.2 | 18.37 | 28.69 | 47.06 | OK | |
r-release-macos-arm64 | 1.0.2 | 20.00 | OK | |||
r-release-macos-x86_64 | 1.0.2 | 33.00 | OK | |||
r-oldrel-macos-arm64 | 1.0.2 | 24.00 | OK | |||
r-oldrel-macos-x86_64 | 1.0.2 | 45.00 | OK |
Version: 1.0.2
Check: compiled code
Result: NOTE
File ‘Rip46/libs/Rip46.so’:
Found no calls to: ‘R_registerRoutines’, ‘R_useDynamicSymbols’
It is good practice to register native routines and to disable symbol
search.
See ‘Writing portable packages’ in the ‘Writing R Extensions’ manual.
Flavors: r-devel-linux-x86_64-fedora-clang, r-devel-linux-x86_64-fedora-gcc