Last updated on 2022-08-15 08:50:06 CEST.
Flavor | Version | Tinstall | Tcheck | Ttotal | Status | Flags |
---|---|---|---|---|---|---|
r-devel-linux-x86_64-debian-clang | 4.0 | 4.42 | 64.07 | 68.49 | NOTE | |
r-devel-linux-x86_64-debian-gcc | 4.0 | 3.26 | 50.54 | 53.80 | NOTE | |
r-devel-linux-x86_64-fedora-clang | 4.0 | 95.82 | NOTE | |||
r-devel-linux-x86_64-fedora-gcc | 4.0 | 91.83 | NOTE | |||
r-devel-windows-x86_64 | 4.0 | 50.00 | 105.00 | 155.00 | NOTE | |
r-patched-linux-x86_64 | 4.0 | 6.39 | 61.86 | 68.25 | OK | |
r-release-linux-x86_64 | 4.0 | 4.69 | 62.26 | 66.95 | OK | |
r-release-macos-arm64 | 4.0 | 41.00 | OK | |||
r-release-macos-x86_64 | 4.0 | 53.00 | OK | |||
r-release-windows-x86_64 | 4.0 | 27.00 | 104.00 | 131.00 | OK | |
r-oldrel-macos-arm64 | 4.0 | 38.00 | OK | |||
r-oldrel-macos-x86_64 | 4.0 | 49.00 | OK | |||
r-oldrel-windows-ix86+x86_64 | 4.0 | 10.00 | 93.00 | 103.00 | OK |
Version: 4.0
Check: Rd files
Result: NOTE
checkRd: (-1) Exponential.Rd:52: Escaped LaTeX specials: \&
checkRd: (-1) Gamma.Rd:80: Escaped LaTeX specials: \&
checkRd: (-1) college.Rd:13: Escaped LaTeX specials: \$
checkRd: (-1) college.Rd:15: Escaped LaTeX specials: \$
Flavors: r-devel-linux-x86_64-debian-clang, r-devel-linux-x86_64-debian-gcc, r-devel-linux-x86_64-fedora-clang, r-devel-linux-x86_64-fedora-gcc, r-devel-windows-x86_64