Last updated on 2022-08-15 08:50:06 CEST.
Flavor | Version | Tinstall | Tcheck | Ttotal | Status | Flags |
---|---|---|---|---|---|---|
r-devel-linux-x86_64-debian-clang | 0.1-4 | 383.37 | 148.74 | 532.11 | NOTE | |
r-devel-linux-x86_64-debian-gcc | 0.1-4 | 333.56 | 123.47 | 457.03 | NOTE | |
r-devel-linux-x86_64-fedora-clang | 0.1-4 | 657.48 | NOTE | |||
r-devel-linux-x86_64-fedora-gcc | 0.1-4 | 779.34 | NOTE | |||
r-devel-windows-x86_64 | 0.1-4 | 242.00 | 223.00 | 465.00 | NOTE | |
r-patched-linux-x86_64 | 0.1-4 | 272.97 | 159.31 | 432.28 | NOTE | |
r-release-linux-x86_64 | 0.1-4 | 0.02 | 3.65 | 3.67 | ERROR | |
r-release-macos-arm64 | 0.1-4 | 210.00 | NOTE | |||
r-release-macos-x86_64 | 0.1-4 | 266.00 | NOTE | |||
r-release-windows-x86_64 | 0.1-4 | 255.00 | 218.00 | 473.00 | NOTE | |
r-oldrel-macos-arm64 | 0.1-4 | 200.00 | NOTE | |||
r-oldrel-macos-x86_64 | 0.1-4 | 273.00 | NOTE | |||
r-oldrel-windows-ix86+x86_64 | 0.1-4 | 394.00 | 9.00 | 403.00 | ERROR |
Version: 0.1-4
Check: for GNU extensions in Makefiles
Result: NOTE
GNU make is a SystemRequirements.
Flavors: r-devel-linux-x86_64-debian-clang, r-devel-linux-x86_64-debian-gcc, r-devel-linux-x86_64-fedora-clang, r-devel-linux-x86_64-fedora-gcc, r-devel-windows-x86_64, r-patched-linux-x86_64, r-release-macos-arm64, r-release-macos-x86_64, r-release-windows-x86_64, r-oldrel-macos-arm64, r-oldrel-macos-x86_64
Version: 0.1-4
Check: whether package can be installed
Result: ERROR
Installation failed.
Flavors: r-release-linux-x86_64, r-oldrel-windows-ix86+x86_64
Version: 0.1-4
Check: installed package size
Result: NOTE
installed size is 55.0Mb
sub-directories of 1Mb or more:
libs 54.4Mb
Flavors: r-release-macos-arm64, r-release-macos-x86_64, r-oldrel-macos-arm64, r-oldrel-macos-x86_64