Last updated on 2022-08-15 08:50:06 CEST.
Flavor | Version | Tinstall | Tcheck | Ttotal | Status | Flags |
---|---|---|---|---|---|---|
r-devel-linux-x86_64-debian-clang | 0.0.3 | 7.76 | 61.51 | 69.27 | OK | |
r-devel-linux-x86_64-debian-gcc | 0.0.3 | 5.30 | 46.42 | 51.72 | OK | |
r-devel-linux-x86_64-fedora-clang | 0.0.3 | 91.55 | NOTE | |||
r-devel-linux-x86_64-fedora-gcc | 0.0.3 | 93.01 | NOTE | |||
r-devel-windows-x86_64 | 0.0.3 | 13.00 | 79.00 | 92.00 | OK | |
r-patched-linux-x86_64 | 0.0.3 | 4.87 | 57.75 | 62.62 | OK | |
r-release-linux-x86_64 | 0.0.3 | 5.37 | 58.40 | 63.77 | OK | |
r-release-macos-arm64 | 0.0.3 | 24.00 | NOTE | |||
r-release-macos-x86_64 | 0.0.3 | 45.00 | NOTE | |||
r-release-windows-x86_64 | 0.0.3 | 12.00 | 83.00 | 95.00 | OK | |
r-oldrel-macos-arm64 | 0.0.3 | 25.00 | NOTE | |||
r-oldrel-macos-x86_64 | 0.0.3 | 35.00 | NOTE | |||
r-oldrel-windows-ix86+x86_64 | 0.0.3 | 18.00 | 79.00 | 97.00 | OK |
Version: 0.0.3
Check: dependencies in R code
Result: NOTE
Namespace in Imports field not imported from: ‘reshape2’
All declared Imports should be used.
Flavors: r-devel-linux-x86_64-fedora-clang, r-devel-linux-x86_64-fedora-gcc, r-release-macos-arm64, r-release-macos-x86_64, r-oldrel-macos-arm64, r-oldrel-macos-x86_64