Last updated on 2022-08-15 08:50:06 CEST.
Flavor | Version | Tinstall | Tcheck | Ttotal | Status | Flags |
---|---|---|---|---|---|---|
r-devel-linux-x86_64-debian-clang | 1.3.0 | 46.82 | 180.10 | 226.92 | OK | |
r-devel-linux-x86_64-debian-gcc | 1.3.0 | 31.95 | 132.89 | 164.84 | OK | |
r-devel-linux-x86_64-fedora-clang | 1.3.0 | 286.90 | NOTE | |||
r-devel-linux-x86_64-fedora-gcc | 1.3.0 | 270.02 | NOTE | |||
r-devel-windows-x86_64 | 1.3.0 | 64.00 | 303.00 | 367.00 | OK | |
r-patched-linux-x86_64 | 1.3.0 | 28.53 | 172.21 | 200.74 | OK | |
r-release-linux-x86_64 | 1.3.0 | 33.93 | 169.01 | 202.94 | OK | |
r-release-macos-arm64 | 1.3.0 | 107.00 | NOTE | |||
r-release-macos-x86_64 | 1.3.0 | 185.00 | NOTE | |||
r-release-windows-x86_64 | 1.3.0 | 53.00 | 314.00 | 367.00 | OK | |
r-oldrel-macos-arm64 | 1.3.0 | 109.00 | NOTE | |||
r-oldrel-macos-x86_64 | 1.3.0 | 145.00 | NOTE | |||
r-oldrel-windows-ix86+x86_64 | 1.3.0 | 94.00 | 214.00 | 308.00 | OK |
Version: 1.3.0
Check: dependencies in R code
Result: NOTE
Namespace in Imports field not imported from: ‘impute’
All declared Imports should be used.
Flavors: r-devel-linux-x86_64-fedora-clang, r-devel-linux-x86_64-fedora-gcc, r-release-macos-arm64, r-release-macos-x86_64, r-oldrel-macos-arm64, r-oldrel-macos-x86_64