Last updated on 2022-08-15 08:50:07 CEST.
Flavor | Version | Tinstall | Tcheck | Ttotal | Status | Flags |
---|---|---|---|---|---|---|
r-devel-linux-x86_64-debian-clang | 1.2.1 | 41.26 | 200.92 | 242.18 | NOTE | |
r-devel-linux-x86_64-debian-gcc | 1.2.1 | 33.62 | 148.46 | 182.08 | NOTE | |
r-devel-linux-x86_64-fedora-clang | 1.2.1 | 315.81 | NOTE | |||
r-devel-linux-x86_64-fedora-gcc | 1.2.1 | 322.17 | NOTE | |||
r-devel-windows-x86_64 | 1.2.1 | 167.00 | 220.00 | 387.00 | OK | |
r-patched-linux-x86_64 | 1.2.1 | 44.55 | 188.18 | 232.73 | OK | |
r-release-linux-x86_64 | 1.2.1 | 39.48 | 190.80 | 230.28 | OK | |
r-release-macos-arm64 | 1.2.1 | 63.00 | OK | |||
r-release-macos-x86_64 | 1.2.1 | 132.00 | OK | |||
r-release-windows-x86_64 | 1.2.1 | 180.00 | 225.00 | 405.00 | OK | |
r-oldrel-macos-arm64 | 1.2.1 | 70.00 | OK | |||
r-oldrel-macos-x86_64 | 1.2.1 | 142.00 | OK | |||
r-oldrel-windows-ix86+x86_64 | 1.2.1 | 77.00 | 223.00 | 300.00 | OK |
Version: 1.2.1
Check: HTML version of manual
Result: NOTE
Found the following math rendering problems:
makeIC-methods.Rd:56: Undefined control sequence: \boldmath in \mathop{\mbox{\boldmath$E$}}[{\rm IC}]...
makeIC-methods.Rd:57: Undefined control sequence: \boldmath in \mathop{\mbox{\boldmath$E$}}[{\rm IC}\...
Flavors: r-devel-linux-x86_64-debian-clang, r-devel-linux-x86_64-debian-gcc, r-devel-linux-x86_64-fedora-clang, r-devel-linux-x86_64-fedora-gcc