Last updated on 2022-08-15 08:50:07 CEST.
Flavor | Version | Tinstall | Tcheck | Ttotal | Status | Flags |
---|---|---|---|---|---|---|
r-devel-linux-x86_64-debian-clang | 1.0.2 | 327.49 | 108.29 | 435.78 | OK | |
r-devel-linux-x86_64-debian-gcc | 1.0.2 | 244.75 | 88.00 | 332.75 | OK | |
r-devel-linux-x86_64-fedora-clang | 1.0.2 | 638.49 | OK | |||
r-devel-linux-x86_64-fedora-gcc | 1.0.2 | 557.55 | OK | |||
r-devel-windows-x86_64 | 1.0.2 | 395.00 | 155.00 | 550.00 | OK | |
r-patched-linux-x86_64 | 1.0.2 | 268.80 | 111.95 | 380.75 | OK | |
r-release-linux-x86_64 | 1.0.2 | 270.01 | 109.15 | 379.16 | OK | |
r-release-macos-arm64 | 1.0.2 | 131.00 | NOTE | |||
r-release-macos-x86_64 | 1.0.2 | 240.00 | NOTE | |||
r-release-windows-x86_64 | 1.0.2 | 232.00 | 151.00 | 383.00 | OK | |
r-oldrel-macos-arm64 | 1.0.2 | 140.00 | NOTE | |||
r-oldrel-macos-x86_64 | 1.0.2 | 159.00 | NOTE | |||
r-oldrel-windows-ix86+x86_64 | 1.0.2 | 768.00 | 182.00 | 950.00 | OK |
Version: 1.0.2
Check: installed package size
Result: NOTE
installed size is 22.0Mb
sub-directories of 1Mb or more:
libs 21.8Mb
Flavors: r-release-macos-arm64, r-release-macos-x86_64, r-oldrel-macos-arm64, r-oldrel-macos-x86_64