Last updated on 2022-08-15 08:50:07 CEST.
Flavor | Version | Tinstall | Tcheck | Ttotal | Status | Flags |
---|---|---|---|---|---|---|
r-devel-linux-x86_64-debian-clang | 1.2.0 | 18.30 | 205.63 | 223.93 | OK | |
r-devel-linux-x86_64-debian-gcc | 1.2.0 | 16.40 | 146.18 | 162.58 | OK | |
r-devel-linux-x86_64-fedora-clang | 1.2.0 | 286.00 | NOTE | |||
r-devel-linux-x86_64-fedora-gcc | 1.2.0 | 300.28 | OK | |||
r-devel-windows-x86_64 | 1.2.0 | 35.00 | 207.00 | 242.00 | OK | |
r-patched-linux-x86_64 | 1.2.0 | 25.05 | 190.95 | 216.00 | OK | |
r-release-linux-x86_64 | 1.2.0 | 16.57 | 193.78 | 210.35 | OK | |
r-release-macos-arm64 | 1.2.0 | 69.00 | OK | |||
r-release-macos-x86_64 | 1.2.0 | 113.00 | OK | |||
r-release-windows-x86_64 | 1.2.0 | 37.00 | 210.00 | 247.00 | OK | |
r-oldrel-macos-arm64 | 1.2.0 | 77.00 | OK | |||
r-oldrel-macos-x86_64 | 1.2.0 | 88.00 | OK | |||
r-oldrel-windows-ix86+x86_64 | 1.2.0 | 42.00 | 217.00 | 259.00 | OK |
Version: 1.2.0
Check: Rd cross-references
Result: NOTE
Undeclared package ‘ROptEst’ in Rd xrefs
Flavor: r-devel-linux-x86_64-fedora-clang