Last updated on 2022-08-15 08:50:07 CEST.
Flavor | Version | Tinstall | Tcheck | Ttotal | Status | Flags |
---|---|---|---|---|---|---|
r-devel-linux-x86_64-debian-clang | 1.2.0 | 39.55 | 344.55 | 384.10 | OK | |
r-devel-linux-x86_64-debian-gcc | 1.2.0 | 31.42 | 249.55 | 280.97 | OK | |
r-devel-linux-x86_64-fedora-clang | 1.2.0 | 490.25 | NOTE | |||
r-devel-linux-x86_64-fedora-gcc | 1.2.0 | 513.12 | OK | |||
r-devel-windows-x86_64 | 1.2.0 | 43.00 | 322.00 | 365.00 | OK | |
r-patched-linux-x86_64 | 1.2.0 | 30.74 | 315.68 | 346.42 | OK | |
r-release-linux-x86_64 | 1.2.0 | 37.01 | 325.27 | 362.28 | OK | |
r-release-macos-arm64 | 1.2.0 | 107.00 | NOTE | |||
r-release-macos-x86_64 | 1.2.0 | 203.00 | NOTE | |||
r-release-windows-x86_64 | 1.2.0 | 53.00 | 322.00 | 375.00 | OK | |
r-oldrel-macos-arm64 | 1.2.0 | 162.00 | NOTE | |||
r-oldrel-macos-x86_64 | 1.2.0 | 12.00 | ERROR | |||
r-oldrel-windows-ix86+x86_64 | 1.2.0 | 77.00 | 320.00 | 397.00 | OK |
Version: 1.2.0
Check: Rd cross-references
Result: NOTE
Undeclared package ‘distrEx’ in Rd xrefs
Flavor: r-devel-linux-x86_64-fedora-clang
Version: 1.2.0
Check: package dependencies
Result: NOTE
Package suggested but not available for checking: ‘illuminaHumanv3.db’
Flavors: r-release-macos-arm64, r-oldrel-macos-arm64
Version: 1.2.0
Check: package dependencies
Result: NOTE
Packages suggested but not available for checking:
'affydata', 'illuminaHumanv3.db'
Flavors: r-release-macos-x86_64, r-oldrel-macos-x86_64
Version: 1.2.0
Check: whether package can be installed
Result: ERROR
Installation failed.
Flavor: r-oldrel-macos-x86_64