Last updated on 2022-08-15 08:50:07 CEST.
Flavor | Version | Tinstall | Tcheck | Ttotal | Status | Flags |
---|---|---|---|---|---|---|
r-devel-linux-x86_64-debian-clang | 1.0.5 | 12.33 | 75.99 | 88.32 | OK | |
r-devel-linux-x86_64-debian-gcc | 1.0.5 | 9.75 | 56.09 | 65.84 | OK | |
r-devel-linux-x86_64-fedora-clang | 1.0.5 | 125.37 | NOTE | |||
r-devel-linux-x86_64-fedora-gcc | 1.0.5 | 129.71 | NOTE | |||
r-devel-windows-x86_64 | 1.0.5 | 98.00 | 108.00 | 206.00 | OK | |
r-patched-linux-x86_64 | 1.0.5 | 16.14 | 71.44 | 87.58 | OK | |
r-release-linux-x86_64 | 1.0.5 | 11.64 | 70.59 | 82.23 | OK | |
r-release-macos-arm64 | 1.0.5 | 26.00 | NOTE | |||
r-release-macos-x86_64 | 1.0.5 | 44.00 | NOTE | |||
r-release-windows-x86_64 | 1.0.5 | 117.00 | 103.00 | 220.00 | OK | |
r-oldrel-macos-arm64 | 1.0.5 | 25.00 | NOTE | |||
r-oldrel-macos-x86_64 | 1.0.5 | 46.00 | NOTE | |||
r-oldrel-windows-ix86+x86_64 | 1.0.5 | 31.00 | 115.00 | 146.00 | OK |
Version: 1.0.5
Check: dependencies in R code
Result: NOTE
Namespaces in Imports field not imported from:
‘graphics’ ‘methods’ ‘utils’
All declared Imports should be used.
Flavors: r-devel-linux-x86_64-fedora-clang, r-devel-linux-x86_64-fedora-gcc, r-release-macos-arm64, r-release-macos-x86_64, r-oldrel-macos-arm64, r-oldrel-macos-x86_64