Last updated on 2022-08-15 08:50:07 CEST.
Flavor | Version | Tinstall | Tcheck | Ttotal | Status | Flags |
---|---|---|---|---|---|---|
r-devel-linux-x86_64-debian-clang | 0.5.2 | 60.60 | 91.12 | 151.72 | OK | |
r-devel-linux-x86_64-debian-gcc | 0.5.2 | 48.89 | 66.42 | 115.31 | OK | |
r-devel-linux-x86_64-fedora-clang | 0.5.2 | 202.26 | OK | |||
r-devel-linux-x86_64-fedora-gcc | 0.5.2 | 196.18 | OK | |||
r-devel-windows-x86_64 | 0.5.2 | 218.00 | 130.00 | 348.00 | OK | |
r-patched-linux-x86_64 | 0.5.2 | 51.45 | 86.64 | 138.09 | OK | |
r-release-linux-x86_64 | 0.5.2 | 51.16 | 86.72 | 137.88 | OK | |
r-release-macos-arm64 | 0.5.2 | 52.00 | NOTE | |||
r-release-macos-x86_64 | 0.5.2 | 89.00 | NOTE | |||
r-release-windows-x86_64 | 0.5.2 | 184.00 | 128.00 | 312.00 | OK | |
r-oldrel-macos-arm64 | 0.5.2 | 61.00 | NOTE | |||
r-oldrel-macos-x86_64 | 0.5.2 | 71.00 | NOTE | |||
r-oldrel-windows-ix86+x86_64 | 0.5.2 | 127.00 | 174.00 | 301.00 | OK |
Version: 0.5.2
Check: installed package size
Result: NOTE
installed size is 19.2Mb
sub-directories of 1Mb or more:
libs 18.7Mb
Flavors: r-release-macos-arm64, r-release-macos-x86_64, r-oldrel-macos-arm64, r-oldrel-macos-x86_64