Last updated on 2022-08-15 08:50:07 CEST.
Flavor | Version | Tinstall | Tcheck | Ttotal | Status | Flags |
---|---|---|---|---|---|---|
r-devel-linux-x86_64-debian-clang | 1.2 | 1.90 | 26.13 | 28.03 | NOTE | |
r-devel-linux-x86_64-debian-gcc | 1.2 | 1.71 | 20.46 | 22.17 | NOTE | |
r-devel-linux-x86_64-fedora-clang | 1.2 | 46.75 | NOTE | |||
r-devel-linux-x86_64-fedora-gcc | 1.2 | 45.74 | NOTE | |||
r-devel-windows-x86_64 | 1.2 | 21.00 | 54.00 | 75.00 | OK | |
r-patched-linux-x86_64 | 1.2 | 1.88 | 25.33 | 27.21 | OK | |
r-release-linux-x86_64 | 1.2 | 2.24 | 25.26 | 27.50 | OK | |
r-release-macos-arm64 | 1.2 | 16.00 | OK | |||
r-release-macos-x86_64 | 1.2 | 24.00 | OK | |||
r-release-windows-x86_64 | 1.2 | 73.00 | 68.00 | 141.00 | OK | |
r-oldrel-macos-arm64 | 1.2 | 15.00 | OK | |||
r-oldrel-macos-x86_64 | 1.2 | 22.00 | OK | |||
r-oldrel-windows-ix86+x86_64 | 1.2 | 9.00 | 55.00 | 64.00 | OK |
Version: 1.2
Check: HTML version of manual
Result: NOTE
Found the following HTML validation problems:
cellCycleKO.html:19:1: Warning: missing </h2> before <ol>
cellCycleKO.html:36:1: Warning: discarding unexpected </h2>
Flavors: r-devel-linux-x86_64-debian-clang, r-devel-linux-x86_64-debian-gcc, r-devel-linux-x86_64-fedora-clang, r-devel-linux-x86_64-fedora-gcc