Last updated on 2022-08-15 08:50:07 CEST.
Flavor | Version | Tinstall | Tcheck | Ttotal | Status | Flags |
---|---|---|---|---|---|---|
r-devel-linux-x86_64-debian-clang | 0.3.9 | 73.04 | 153.90 | 226.94 | OK | |
r-devel-linux-x86_64-debian-gcc | 0.3.9 | 59.21 | 111.58 | 170.79 | OK | |
r-devel-linux-x86_64-fedora-clang | 0.3.9 | 297.49 | OK | |||
r-devel-linux-x86_64-fedora-gcc | 0.3.9 | 281.26 | OK | |||
r-devel-windows-x86_64 | 0.3.9 | 66.00 | 183.00 | 249.00 | OK | |
r-patched-linux-x86_64 | 0.3.9 | 62.12 | 145.49 | 207.61 | OK | |
r-release-linux-x86_64 | 0.3.9 | 62.88 | 142.61 | 205.49 | OK | |
r-release-macos-arm64 | 0.3.9 | 66.00 | NOTE | |||
r-release-macos-x86_64 | 0.3.9 | 104.00 | NOTE | |||
r-release-windows-x86_64 | 0.3.9 | 64.00 | 192.00 | 256.00 | OK | |
r-oldrel-macos-arm64 | 0.3.9 | 72.00 | NOTE | |||
r-oldrel-macos-x86_64 | 0.3.9 | 97.00 | NOTE | |||
r-oldrel-windows-ix86+x86_64 | 0.3.9 | 159.00 | 239.00 | 398.00 | OK |
Version: 0.3.9
Check: installed package size
Result: NOTE
installed size is 5.7Mb
sub-directories of 1Mb or more:
libs 5.5Mb
Flavors: r-release-macos-arm64, r-release-macos-x86_64, r-oldrel-macos-arm64, r-oldrel-macos-x86_64