Last updated on 2022-08-15 08:50:07 CEST.
Flavor | Version | Tinstall | Tcheck | Ttotal | Status | Flags |
---|---|---|---|---|---|---|
r-devel-linux-x86_64-debian-clang | 1.0.13 | 4.66 | 44.83 | 49.49 | OK | |
r-devel-linux-x86_64-debian-gcc | 1.0.13 | 3.27 | 34.66 | 37.93 | OK | |
r-devel-linux-x86_64-fedora-clang | 1.0.13 | 72.44 | NOTE | |||
r-devel-linux-x86_64-fedora-gcc | 1.0.13 | 67.65 | NOTE | |||
r-devel-windows-x86_64 | 1.0.13 | 18.00 | 75.00 | 93.00 | OK | |
r-patched-linux-x86_64 | 1.0.13 | 7.74 | 43.29 | 51.03 | OK | |
r-release-linux-x86_64 | 1.0.13 | 4.20 | 42.94 | 47.14 | OK | |
r-release-macos-arm64 | 1.0.13 | 24.00 | NOTE | |||
r-release-macos-x86_64 | 1.0.13 | 36.00 | NOTE | |||
r-release-windows-x86_64 | 1.0.13 | 14.00 | 80.00 | 94.00 | OK | |
r-oldrel-macos-arm64 | 1.0.13 | 29.00 | NOTE | |||
r-oldrel-macos-x86_64 | 1.0.13 | 36.00 | NOTE | |||
r-oldrel-windows-ix86+x86_64 | 1.0.13 | 8.00 | 70.00 | 78.00 | OK |
Version: 1.0.13
Check: dependencies in R code
Result: NOTE
Namespace in Imports field not imported from: ‘NatureSounds’
All declared Imports should be used.
Flavors: r-devel-linux-x86_64-fedora-clang, r-devel-linux-x86_64-fedora-gcc, r-release-macos-arm64, r-release-macos-x86_64, r-oldrel-macos-arm64, r-oldrel-macos-x86_64