Last updated on 2022-08-15 08:50:07 CEST.
Flavor | Version | Tinstall | Tcheck | Ttotal | Status | Flags |
---|---|---|---|---|---|---|
r-devel-linux-x86_64-debian-clang | 0.1-16 | 3.74 | 21.98 | 25.72 | OK | |
r-devel-linux-x86_64-debian-gcc | 0.1-16 | 2.89 | 17.28 | 20.17 | OK | |
r-devel-linux-x86_64-fedora-clang | 0.1-16 | 45.61 | OK | |||
r-devel-linux-x86_64-fedora-gcc | 0.1-16 | 42.92 | OK | |||
r-devel-windows-x86_64 | 0.1-16 | 11.00 | 41.00 | 52.00 | OK | |
r-patched-linux-x86_64 | 0.1-16 | 3.97 | 21.46 | 25.43 | OK | |
r-release-linux-x86_64 | 0.1-16 | 3.60 | 21.45 | 25.05 | OK | |
r-release-macos-arm64 | 0.1-16 | 9.00 | ERROR | |||
r-release-macos-x86_64 | 0.1-16 | 26.00 | OK | |||
r-release-windows-x86_64 | 0.1-16 | 7.00 | 44.00 | 51.00 | OK | |
r-oldrel-macos-arm64 | 0.1-16 | 13.00 | ERROR | |||
r-oldrel-macos-x86_64 | 0.1-16 | 33.00 | OK | |||
r-oldrel-windows-ix86+x86_64 | 0.1-16 | 9.00 | 41.00 | 50.00 | OK |
Version: 0.1-16
Check: whether package can be installed
Result: ERROR
Installation failed.
Flavors: r-release-macos-arm64, r-oldrel-macos-arm64