Last updated on 2022-08-15 08:50:07 CEST.
Flavor | Version | Tinstall | Tcheck | Ttotal | Status | Flags |
---|---|---|---|---|---|---|
r-devel-linux-x86_64-debian-clang | 2.0.0 | 11.58 | 86.23 | 97.81 | OK | |
r-devel-linux-x86_64-debian-gcc | 2.0.0 | 8.23 | 63.55 | 71.78 | OK | |
r-devel-linux-x86_64-fedora-clang | 2.0.0 | 132.91 | NOTE | |||
r-devel-linux-x86_64-fedora-gcc | 2.0.0 | 123.69 | NOTE | |||
r-devel-windows-x86_64 | 2.0.0 | 51.00 | 103.00 | 154.00 | OK | |
r-patched-linux-x86_64 | 2.0.0 | 11.38 | 81.91 | 93.29 | OK | |
r-release-linux-x86_64 | 2.0.0 | 9.55 | 79.60 | 89.15 | OK | |
r-release-macos-arm64 | 2.0.0 | 31.00 | NOTE | |||
r-release-macos-x86_64 | 2.0.0 | 58.00 | NOTE | |||
r-release-windows-x86_64 | 2.0.0 | 47.00 | 101.00 | 148.00 | OK | |
r-oldrel-macos-arm64 | 2.0.0 | 28.00 | NOTE | |||
r-oldrel-macos-x86_64 | 2.0.0 | 44.00 | NOTE | |||
r-oldrel-windows-ix86+x86_64 | 2.0.0 | 24.00 | 101.00 | 125.00 | OK |
Version: 2.0.0
Check: dependencies in R code
Result: NOTE
Namespace in Imports field not imported from: ‘gridExtra’
All declared Imports should be used.
Flavors: r-devel-linux-x86_64-fedora-clang, r-devel-linux-x86_64-fedora-gcc, r-release-macos-arm64, r-release-macos-x86_64, r-oldrel-macos-arm64, r-oldrel-macos-x86_64