Last updated on 2022-08-15 08:50:07 CEST.
Flavor | Version | Tinstall | Tcheck | Ttotal | Status | Flags |
---|---|---|---|---|---|---|
r-devel-linux-x86_64-debian-clang | 1.0.4 | 24.14 | 155.83 | 179.97 | NOTE | |
r-devel-linux-x86_64-debian-gcc | 1.0.4 | 15.97 | 113.04 | 129.01 | NOTE | |
r-devel-linux-x86_64-fedora-clang | 1.0.4 | 231.46 | NOTE | |||
r-devel-linux-x86_64-fedora-gcc | 1.0.4 | 227.82 | NOTE | |||
r-devel-windows-x86_64 | 1.0.4 | 60.00 | 171.00 | 231.00 | OK | |
r-patched-linux-x86_64 | 1.0.4 | 20.23 | 147.04 | 167.27 | OK | |
r-release-linux-x86_64 | 1.0.4 | 17.36 | 147.84 | 165.20 | OK | |
r-release-macos-arm64 | 1.0.4 | 60.00 | OK | |||
r-release-macos-x86_64 | 1.0.4 | 113.00 | OK | |||
r-release-windows-x86_64 | 1.0.4 | 62.00 | 172.00 | 234.00 | OK | |
r-oldrel-macos-arm64 | 1.0.4 | 61.00 | OK | |||
r-oldrel-macos-x86_64 | 1.0.4 | 77.00 | OK | |||
r-oldrel-windows-ix86+x86_64 | 1.0.4 | 41.00 | 231.00 | 272.00 | OK |
Version: 1.0.4
Check: HTML version of manual
Result: NOTE
Found the following math rendering problems:
hmatr.Rd:56-60: Got group of unknown type: 'internal'
Flavors: r-devel-linux-x86_64-debian-clang, r-devel-linux-x86_64-debian-gcc, r-devel-linux-x86_64-fedora-clang, r-devel-linux-x86_64-fedora-gcc