Last updated on 2022-08-15 08:50:07 CEST.
Flavor | Version | Tinstall | Tcheck | Ttotal | Status | Flags |
---|---|---|---|---|---|---|
r-devel-linux-x86_64-debian-clang | 0.2.7 | 5.65 | 50.91 | 56.56 | OK | |
r-devel-linux-x86_64-debian-gcc | 0.2.7 | 4.22 | 37.28 | 41.50 | OK | |
r-devel-linux-x86_64-fedora-clang | 0.2.7 | 80.17 | NOTE | |||
r-devel-linux-x86_64-fedora-gcc | 0.2.7 | 75.57 | NOTE | |||
r-devel-windows-x86_64 | 0.2.7 | 25.00 | 73.00 | 98.00 | OK | |
r-patched-linux-x86_64 | 0.2.7 | 6.14 | 46.88 | 53.02 | OK | |
r-release-linux-x86_64 | 0.2.7 | 4.76 | 46.97 | 51.73 | OK | |
r-release-macos-arm64 | 0.2.7 | 22.00 | NOTE | |||
r-release-macos-x86_64 | 0.2.7 | 43.00 | NOTE | |||
r-release-windows-x86_64 | 0.2.7 | 10.00 | 73.00 | 83.00 | OK | |
r-oldrel-macos-arm64 | 0.2.7 | 24.00 | NOTE | |||
r-oldrel-macos-x86_64 | 0.2.7 | 30.00 | NOTE | |||
r-oldrel-windows-ix86+x86_64 | 0.2.7 | 16.00 | 69.00 | 85.00 | OK |
Version: 0.2.7
Check: dependencies in R code
Result: NOTE
Namespaces in Imports field not imported from:
‘httr’ ‘logger’
All declared Imports should be used.
Flavors: r-devel-linux-x86_64-fedora-clang, r-devel-linux-x86_64-fedora-gcc, r-release-macos-arm64, r-release-macos-x86_64, r-oldrel-macos-arm64, r-oldrel-macos-x86_64