Last updated on 2022-08-15 08:50:07 CEST.
Flavor | Version | Tinstall | Tcheck | Ttotal | Status | Flags |
---|---|---|---|---|---|---|
r-devel-linux-x86_64-debian-clang | 1.0.0 | 60.91 | 375.95 | 436.86 | NOTE | |
r-devel-linux-x86_64-debian-gcc | 1.0.0 | 47.23 | 267.72 | 314.95 | NOTE | |
r-devel-linux-x86_64-fedora-clang | 1.0.0 | 533.65 | NOTE | |||
r-devel-linux-x86_64-fedora-gcc | 1.0.0 | 505.37 | NOTE | |||
r-devel-windows-x86_64 | 1.0.0 | 49.00 | 350.00 | 399.00 | NOTE | |
r-patched-linux-x86_64 | 1.0.0 | 46.69 | 346.80 | 393.49 | NOTE | |
r-release-linux-x86_64 | 1.0.0 | 39.29 | 348.83 | 388.12 | NOTE | |
r-release-macos-arm64 | 1.0.0 | 110.00 | NOTE | |||
r-release-macos-x86_64 | 1.0.0 | 193.00 | NOTE | |||
r-release-windows-x86_64 | 1.0.0 | 51.00 | 348.00 | 399.00 | NOTE | |
r-oldrel-macos-arm64 | 1.0.0 | 83.00 | NOTE | |||
r-oldrel-macos-x86_64 | 1.0.0 | 151.00 | NOTE | |||
r-oldrel-windows-ix86+x86_64 | 1.0.0 | 107.00 | 351.00 | 458.00 | NOTE |
Version: 1.0.0
Check: LazyData
Result: NOTE
'LazyData' is specified without a 'data' directory
Flavors: r-devel-linux-x86_64-debian-clang, r-devel-linux-x86_64-debian-gcc, r-devel-linux-x86_64-fedora-clang, r-devel-linux-x86_64-fedora-gcc, r-devel-windows-x86_64, r-patched-linux-x86_64, r-release-linux-x86_64, r-release-macos-arm64, r-release-macos-x86_64, r-release-windows-x86_64, r-oldrel-macos-arm64, r-oldrel-macos-x86_64, r-oldrel-windows-ix86+x86_64