Last updated on 2022-08-15 08:50:07 CEST.
Flavor | Version | Tinstall | Tcheck | Ttotal | Status | Flags |
---|---|---|---|---|---|---|
r-devel-linux-x86_64-debian-clang | 1.2.1 | 17.68 | 226.17 | 243.85 | OK | |
r-devel-linux-x86_64-debian-gcc | 1.2.1 | 16.08 | 167.84 | 183.92 | OK | |
r-devel-linux-x86_64-fedora-clang | 1.2.1 | 305.96 | OK | |||
r-devel-linux-x86_64-fedora-gcc | 1.2.1 | 307.49 | OK | |||
r-devel-windows-x86_64 | 1.2.1 | 41.00 | 569.00 | 610.00 | OK | |
r-patched-linux-x86_64 | 1.2.1 | 16.55 | 213.11 | 229.66 | OK | |
r-release-linux-x86_64 | 1.2.1 | 13.62 | 217.14 | 230.76 | OK | |
r-release-macos-arm64 | 1.2.1 | 203.00 | OK | |||
r-release-macos-x86_64 | 1.2.1 | 8.00 | ERROR | |||
r-release-windows-x86_64 | 1.2.1 | 38.00 | 596.00 | 634.00 | OK | |
r-oldrel-macos-arm64 | 1.2.1 | 220.00 | OK | |||
r-oldrel-macos-x86_64 | 1.2.1 | 269.00 | OK | |||
r-oldrel-windows-ix86+x86_64 | 1.2.1 | 43.00 | 660.00 | 703.00 | OK |
Version: 1.2.1
Check: package dependencies
Result: ERROR
Package required but not available: ‘RcppAlgos’
See section ‘The DESCRIPTION file’ in the ‘Writing R Extensions’
manual.
Flavor: r-release-macos-x86_64