Last updated on 2022-08-15 08:50:07 CEST.
Flavor | Version | Tinstall | Tcheck | Ttotal | Status | Flags |
---|---|---|---|---|---|---|
r-devel-linux-x86_64-debian-clang | 1.1 | 22.18 | 31.47 | 53.65 | WARN | |
r-devel-linux-x86_64-debian-gcc | 1.1 | 15.85 | 23.65 | 39.50 | OK | |
r-devel-linux-x86_64-fedora-clang | 1.1 | 81.82 | WARN | |||
r-devel-linux-x86_64-fedora-gcc | 1.1 | 73.86 | OK | |||
r-devel-windows-x86_64 | 1.1 | 40.00 | 74.00 | 114.00 | OK | |
r-patched-linux-x86_64 | 1.1 | 17.19 | 29.76 | 46.95 | OK | |
r-release-linux-x86_64 | 1.1 | 17.31 | 29.73 | 47.04 | OK | |
r-release-macos-arm64 | 1.1 | 22.00 | OK | |||
r-release-macos-x86_64 | 1.1 | 30.00 | OK | |||
r-release-windows-x86_64 | 1.1 | 31.00 | 77.00 | 108.00 | OK | |
r-oldrel-macos-arm64 | 1.1 | 25.00 | OK | |||
r-oldrel-macos-x86_64 | 1.1 | 41.00 | OK | |||
r-oldrel-windows-ix86+x86_64 | 1.1 | 51.00 | 119.00 | 170.00 | OK |
Version: 1.1
Check: whether package can be installed
Result: WARN
Found the following significant warnings:
haversine_dbox.cpp:45:7: warning: use of bitwise '|' with boolean operands [-Wbitwise-instead-of-logical]
haversine_dbox.cpp:50:14: warning: use of bitwise '|' with boolean operands [-Wbitwise-instead-of-logical]
haversine_dbox.cpp:113:7: warning: use of bitwise '|' with boolean operands [-Wbitwise-instead-of-logical]
haversine_dbox.cpp:118:14: warning: use of bitwise '|' with boolean operands [-Wbitwise-instead-of-logical]
Flavors: r-devel-linux-x86_64-debian-clang, r-devel-linux-x86_64-fedora-clang