Last updated on 2022-08-15 08:50:07 CEST.
Flavor | Version | Tinstall | Tcheck | Ttotal | Status | Flags |
---|---|---|---|---|---|---|
r-devel-linux-x86_64-debian-clang | 1.1.5 | 516.22 | 221.26 | 737.48 | NOTE | |
r-devel-linux-x86_64-debian-gcc | 1.1.5 | 477.65 | 156.26 | 633.91 | NOTE | |
r-devel-linux-x86_64-fedora-clang | 1.1.5 | 1048.36 | NOTE | |||
r-devel-linux-x86_64-fedora-gcc | 1.1.5 | 1142.27 | NOTE | |||
r-devel-windows-x86_64 | 1.1.5 | 1372.00 | 340.00 | 1712.00 | NOTE | |
r-patched-linux-x86_64 | 1.1.5 | 493.20 | 188.82 | 682.02 | OK | |
r-release-linux-x86_64 | 1.1.5 | 498.97 | 189.80 | 688.77 | OK | |
r-release-macos-arm64 | 1.1.5 | 317.00 | NOTE | |||
r-release-macos-x86_64 | 1.1.5 | 786.00 | NOTE | |||
r-release-windows-x86_64 | 1.1.5 | 1058.00 | 334.00 | 1392.00 | NOTE | |
r-oldrel-macos-arm64 | 1.1.5 | 319.00 | NOTE | |||
r-oldrel-macos-x86_64 | 1.1.5 | 519.00 | NOTE | |||
r-oldrel-windows-ix86+x86_64 | 1.1.5 | 1177.00 | 503.00 | 1680.00 | NOTE |
Version: 1.1.5
Check: Rd files
Result: NOTE
checkRd: (-1) add.dosing.Rd:147: Escaped LaTeX specials: \&
checkRd: (-1) add.sampling.Rd:113: Escaped LaTeX specials: \&
checkRd: (-1) et.Rd:243: Escaped LaTeX specials: \&
checkRd: (-1) etRbind.Rd:146: Escaped LaTeX specials: \&
checkRd: (-1) etRep.Rd:164: Escaped LaTeX specials: \&
checkRd: (-1) etSeq.Rd:143: Escaped LaTeX specials: \&
Flavors: r-devel-linux-x86_64-debian-clang, r-devel-linux-x86_64-debian-gcc, r-devel-linux-x86_64-fedora-clang, r-devel-linux-x86_64-fedora-gcc, r-devel-windows-x86_64
Version: 1.1.5
Check: installed package size
Result: NOTE
installed size is 8.9Mb
sub-directories of 1Mb or more:
libs 6.3Mb
Flavors: r-devel-linux-x86_64-fedora-clang, r-devel-windows-x86_64, r-release-macos-arm64, r-release-macos-x86_64, r-release-windows-x86_64, r-oldrel-macos-arm64, r-oldrel-macos-x86_64, r-oldrel-windows-ix86+x86_64