Last updated on 2022-08-15 08:50:07 CEST.
Flavor | Version | Tinstall | Tcheck | Ttotal | Status | Flags |
---|---|---|---|---|---|---|
r-devel-linux-x86_64-debian-clang | 0.1.5 | 6.33 | 68.03 | 74.36 | NOTE | |
r-devel-linux-x86_64-debian-gcc | 0.1.5 | 4.28 | 50.90 | 55.18 | NOTE | |
r-devel-linux-x86_64-fedora-clang | 0.1.5 | 104.84 | NOTE | |||
r-devel-linux-x86_64-fedora-gcc | 0.1.5 | 97.01 | NOTE | |||
r-devel-windows-x86_64 | 0.1.5 | 25.00 | 95.00 | 120.00 | NOTE | |
r-patched-linux-x86_64 | 0.1.5 | 7.40 | 65.99 | 73.39 | OK | |
r-release-linux-x86_64 | 0.1.5 | 4.68 | 66.25 | 70.93 | OK | |
r-release-macos-arm64 | 0.1.5 | 28.00 | OK | |||
r-release-macos-x86_64 | 0.1.5 | 47.00 | OK | |||
r-release-windows-x86_64 | 0.1.5 | 30.00 | 91.00 | 121.00 | OK | |
r-oldrel-macos-arm64 | 0.1.5 | 42.00 | OK | |||
r-oldrel-macos-x86_64 | 0.1.5 | 68.00 | OK | |||
r-oldrel-windows-ix86+x86_64 | 0.1.5 | 14.00 | 92.00 | 106.00 | OK |
Version: 0.1.5
Check: Rd files
Result: NOTE
checkRd: (-1) generef.Rd:29: Escaped LaTeX specials: \&
Flavors: r-devel-linux-x86_64-debian-clang, r-devel-linux-x86_64-debian-gcc, r-devel-linux-x86_64-fedora-clang, r-devel-linux-x86_64-fedora-gcc, r-devel-windows-x86_64