Last updated on 2022-08-15 08:50:07 CEST.
Flavor | Version | Tinstall | Tcheck | Ttotal | Status | Flags |
---|---|---|---|---|---|---|
r-devel-linux-x86_64-debian-clang | 1.1.2 | 7.05 | 47.52 | 54.57 | OK | |
r-devel-linux-x86_64-debian-gcc | 1.1.2 | 7.30 | 35.49 | 42.79 | OK | |
r-devel-linux-x86_64-fedora-clang | 1.1.2 | 81.93 | NOTE | |||
r-devel-linux-x86_64-fedora-gcc | 1.1.2 | 76.66 | NOTE | |||
r-devel-windows-x86_64 | 1.1.2 | 19.00 | 80.00 | 99.00 | OK | |
r-patched-linux-x86_64 | 1.1.2 | 6.98 | 44.05 | 51.03 | OK | |
r-release-linux-x86_64 | 1.1.2 | 8.70 | 44.09 | 52.79 | OK | |
r-release-macos-arm64 | 1.1.2 | 26.00 | NOTE | |||
r-release-macos-x86_64 | 1.1.2 | 35.00 | NOTE | |||
r-release-windows-x86_64 | 1.1.2 | 17.00 | 86.00 | 103.00 | OK | |
r-oldrel-macos-arm64 | 1.1.2 | 36.00 | NOTE | |||
r-oldrel-macos-x86_64 | 1.1.2 | 48.00 | NOTE | |||
r-oldrel-windows-ix86+x86_64 | 1.1.2 | 15.00 | 64.00 | 79.00 | OK |
Version: 1.1.2
Check: dependencies in R code
Result: NOTE
Namespace in Imports field not imported from: ‘methods’
All declared Imports should be used.
Flavors: r-devel-linux-x86_64-fedora-clang, r-devel-linux-x86_64-fedora-gcc, r-release-macos-arm64, r-release-macos-x86_64, r-oldrel-macos-arm64, r-oldrel-macos-x86_64