Last updated on 2022-08-15 08:50:07 CEST.
Flavor | Version | Tinstall | Tcheck | Ttotal | Status | Flags |
---|---|---|---|---|---|---|
r-devel-linux-x86_64-debian-clang | 1.1.1 | 8.46 | 140.93 | 149.39 | NOTE | |
r-devel-linux-x86_64-debian-gcc | 1.1.1 | 5.45 | 102.39 | 107.84 | NOTE | |
r-devel-linux-x86_64-fedora-clang | 1.1.1 | 190.52 | NOTE | |||
r-devel-linux-x86_64-fedora-gcc | 1.1.1 | 173.16 | NOTE | |||
r-devel-windows-x86_64 | 1.1.1 | 58.00 | 164.00 | 222.00 | NOTE | |
r-patched-linux-x86_64 | 1.1.1 | 8.57 | 130.10 | 138.67 | OK | |
r-release-linux-x86_64 | 1.1.1 | 5.74 | 129.57 | 135.31 | OK | |
r-release-macos-arm64 | 1.1.1 | 58.00 | OK | |||
r-release-macos-x86_64 | 1.1.1 | 98.00 | OK | |||
r-release-windows-x86_64 | 1.1.1 | 17.00 | 172.00 | 189.00 | OK | |
r-oldrel-macos-arm64 | 1.1.1 | 79.00 | OK | |||
r-oldrel-macos-x86_64 | 1.1.1 | 84.00 | OK | |||
r-oldrel-windows-ix86+x86_64 | 1.1.1 | 22.00 | 154.00 | 176.00 | OK |
Version: 1.1.1
Check: package subdirectories
Result: NOTE
Problems with news in 'NEWS.md':
Cannot extract version info from the following section titles:
Updated help pages with examples
Updated conjugate model sampler
Flavors: r-devel-linux-x86_64-debian-clang, r-devel-linux-x86_64-debian-gcc, r-devel-linux-x86_64-fedora-clang, r-devel-linux-x86_64-fedora-gcc, r-devel-windows-x86_64