Last updated on 2022-08-15 08:50:08 CEST.
Flavor | Version | Tinstall | Tcheck | Ttotal | Status | Flags |
---|---|---|---|---|---|---|
r-devel-linux-x86_64-debian-clang | 1.2 | 17.26 | 30.88 | 48.14 | OK | |
r-devel-linux-x86_64-debian-gcc | 1.2 | 12.50 | 24.19 | 36.69 | OK | |
r-devel-linux-x86_64-fedora-clang | 1.2 | 81.95 | OK | |||
r-devel-linux-x86_64-fedora-gcc | 1.2 | 70.81 | OK | |||
r-devel-windows-x86_64 | 1.2 | 26.00 | 72.00 | 98.00 | OK | |
r-patched-linux-x86_64 | 1.2 | 16.12 | 30.30 | 46.42 | OK | |
r-release-linux-x86_64 | 1.2 | 15.41 | 29.72 | 45.13 | OK | |
r-release-macos-arm64 | 1.2 | 20.00 | NOTE | |||
r-release-macos-x86_64 | 1.2 | 30.00 | OK | |||
r-release-windows-x86_64 | 1.2 | 28.00 | 76.00 | 104.00 | OK | |
r-oldrel-macos-arm64 | 1.2 | 24.00 | NOTE | |||
r-oldrel-macos-x86_64 | 1.2 | 46.00 | OK | |||
r-oldrel-windows-ix86+x86_64 | 1.2 | 47.00 | 78.00 | 125.00 | OK |
Version: 1.2
Check: package dependencies
Result: NOTE
Packages suggested but not available for checking: 'pcalg', 'Rgraphviz'
Flavor: r-release-macos-arm64
Version: 1.2
Check: package dependencies
Result: NOTE
Package suggested but not available for checking: ‘pcalg’
Flavor: r-oldrel-macos-arm64