Last updated on 2022-08-15 08:50:08 CEST.
Flavor | Version | Tinstall | Tcheck | Ttotal | Status | Flags |
---|---|---|---|---|---|---|
r-devel-linux-x86_64-debian-clang | 0.2-4 | 9.81 | 27.17 | 36.98 | OK | |
r-devel-linux-x86_64-debian-gcc | 0.2-4 | 9.11 | 21.52 | 30.63 | OK | |
r-devel-linux-x86_64-fedora-clang | 0.2-4 | 61.07 | NOTE | |||
r-devel-linux-x86_64-fedora-gcc | 0.2-4 | 57.81 | NOTE | |||
r-devel-windows-x86_64 | 0.2-4 | 22.00 | 52.00 | 74.00 | OK | |
r-patched-linux-x86_64 | 0.2-4 | 10.25 | 26.96 | 37.21 | OK | |
r-release-linux-x86_64 | 0.2-4 | 10.33 | 26.24 | 36.57 | OK | |
r-release-macos-arm64 | 0.2-4 | 23.00 | OK | |||
r-release-macos-x86_64 | 0.2-4 | 29.00 | OK | |||
r-release-windows-x86_64 | 0.2-4 | 19.00 | 52.00 | 71.00 | OK | |
r-oldrel-macos-arm64 | 0.2-4 | 28.00 | OK | |||
r-oldrel-macos-x86_64 | 0.2-4 | 46.00 | OK | |||
r-oldrel-windows-ix86+x86_64 | 0.2-4 | 20.00 | 53.00 | 73.00 | OK |
Version: 0.2-4
Check: compiled code
Result: NOTE
File ‘SCEPtER/libs/SCEPtER.so’:
Found no calls to: ‘R_registerRoutines’, ‘R_useDynamicSymbols’
It is good practice to register native routines and to disable symbol
search.
See ‘Writing portable packages’ in the ‘Writing R Extensions’ manual.
Flavors: r-devel-linux-x86_64-fedora-clang, r-devel-linux-x86_64-fedora-gcc