Last updated on 2022-08-15 08:50:08 CEST.
Flavor | Version | Tinstall | Tcheck | Ttotal | Status | Flags |
---|---|---|---|---|---|---|
r-devel-linux-x86_64-debian-clang | 1.3-3 | 66.03 | 227.09 | 293.12 | NOTE | |
r-devel-linux-x86_64-debian-gcc | 1.3-3 | 59.47 | 161.03 | 220.50 | NOTE | |
r-devel-linux-x86_64-fedora-clang | 1.3-3 | 404.10 | NOTE | |||
r-devel-linux-x86_64-fedora-gcc | 1.3-3 | 372.11 | NOTE | |||
r-devel-windows-x86_64 | 1.3-3 | 70.00 | 204.00 | 274.00 | NOTE | |
r-patched-linux-x86_64 | 1.3-3 | 66.86 | 220.68 | 287.54 | NOTE | |
r-release-linux-x86_64 | 1.3-3 | 76.80 | 214.30 | 291.10 | NOTE | |
r-release-macos-arm64 | 1.3-3 | 72.00 | NOTE | |||
r-release-macos-x86_64 | 1.3-3 | 108.00 | NOTE | |||
r-release-windows-x86_64 | 1.3-3 | 80.00 | 200.00 | 280.00 | NOTE | |
r-oldrel-macos-arm64 | 1.3-3 | 82.00 | NOTE | |||
r-oldrel-macos-x86_64 | 1.3-3 | 174.00 | NOTE | |||
r-oldrel-windows-ix86+x86_64 | 1.3-3 | 88.00 | 220.00 | 308.00 | NOTE |
Version: 1.3-3
Check: LazyData
Result: NOTE
'LazyData' is specified without a 'data' directory
Flavors: r-devel-linux-x86_64-debian-clang, r-devel-linux-x86_64-debian-gcc, r-devel-linux-x86_64-fedora-clang, r-devel-linux-x86_64-fedora-gcc, r-devel-windows-x86_64, r-patched-linux-x86_64, r-release-linux-x86_64, r-release-macos-arm64, r-release-macos-x86_64, r-release-windows-x86_64, r-oldrel-macos-arm64, r-oldrel-macos-x86_64, r-oldrel-windows-ix86+x86_64