Last updated on 2022-08-15 08:50:08 CEST.
Flavor | Version | Tinstall | Tcheck | Ttotal | Status | Flags |
---|---|---|---|---|---|---|
r-devel-linux-x86_64-debian-clang | 0.7.22 | 9.31 | 101.19 | 110.50 | NOTE | |
r-devel-linux-x86_64-debian-gcc | 0.7.22 | 8.77 | 75.09 | 83.86 | NOTE | |
r-devel-linux-x86_64-fedora-clang | 0.7.22 | 148.97 | NOTE | |||
r-devel-linux-x86_64-fedora-gcc | 0.7.22 | 136.64 | NOTE | |||
r-devel-windows-x86_64 | 0.7.22 | 28.00 | 150.00 | 178.00 | NOTE | |
r-patched-linux-x86_64 | 0.7.22 | 9.41 | 95.64 | 105.05 | OK | |
r-release-linux-x86_64 | 0.7.22 | 9.13 | 94.48 | 103.61 | OK | |
r-release-macos-arm64 | 0.7.22 | 42.00 | OK | |||
r-release-macos-x86_64 | 0.7.22 | 80.00 | OK | |||
r-release-windows-x86_64 | 0.7.22 | 19.00 | 153.00 | 172.00 | OK | |
r-oldrel-macos-arm64 | 0.7.22 | 53.00 | OK | |||
r-oldrel-macos-x86_64 | 0.7.22 | 59.00 | OK | |||
r-oldrel-windows-ix86+x86_64 | 0.7.22 | 17.00 | 107.00 | 124.00 | OK |
Version: 0.7.22
Check: package subdirectories
Result: NOTE
Problems with news in 'NEWS.md':
No news entries found.
Flavors: r-devel-linux-x86_64-debian-clang, r-devel-linux-x86_64-debian-gcc, r-devel-linux-x86_64-fedora-clang, r-devel-linux-x86_64-fedora-gcc, r-devel-windows-x86_64