Last updated on 2022-08-15 08:50:08 CEST.
Flavor | Version | Tinstall | Tcheck | Ttotal | Status | Flags |
---|---|---|---|---|---|---|
r-devel-linux-x86_64-debian-clang | 1.1.1 | 14.69 | 128.45 | 143.14 | OK | |
r-devel-linux-x86_64-debian-gcc | 1.1.1 | 11.84 | 94.71 | 106.55 | OK | |
r-devel-linux-x86_64-fedora-clang | 1.1.1 | 185.39 | NOTE | |||
r-devel-linux-x86_64-fedora-gcc | 1.1.1 | 174.08 | NOTE | |||
r-devel-windows-x86_64 | 1.1.1 | 19.00 | 141.00 | 160.00 | OK | |
r-patched-linux-x86_64 | 1.1.1 | 15.37 | 117.23 | 132.60 | OK | |
r-release-linux-x86_64 | 1.1.1 | 15.75 | 120.82 | 136.57 | OK | |
r-release-macos-arm64 | 1.1.1 | 46.00 | NOTE | |||
r-release-macos-x86_64 | 1.1.1 | 80.00 | NOTE | |||
r-release-windows-x86_64 | 1.1.1 | 19.00 | 144.00 | 163.00 | OK | |
r-oldrel-macos-arm64 | 1.1.1 | 52.00 | NOTE | |||
r-oldrel-macos-x86_64 | 1.1.1 | 67.00 | NOTE | |||
r-oldrel-windows-ix86+x86_64 | 1.1.1 | 36.00 | 138.00 | 174.00 | OK |
Version: 1.1.1
Check: dependencies in R code
Result: NOTE
Namespace in Imports field not imported from: ‘knitr’
All declared Imports should be used.
Flavors: r-devel-linux-x86_64-fedora-clang, r-devel-linux-x86_64-fedora-gcc, r-release-macos-arm64, r-release-macos-x86_64, r-oldrel-macos-arm64, r-oldrel-macos-x86_64