Last updated on 2022-08-15 08:50:08 CEST.
Flavor | Version | Tinstall | Tcheck | Ttotal | Status | Flags |
---|---|---|---|---|---|---|
r-devel-linux-x86_64-debian-clang | 1.1.2 | 15.89 | 143.09 | 158.98 | OK | |
r-devel-linux-x86_64-debian-gcc | 1.1.2 | 14.20 | 108.67 | 122.87 | OK | |
r-devel-linux-x86_64-fedora-clang | 1.1.2 | 210.97 | OK | |||
r-devel-linux-x86_64-fedora-gcc | 1.1.2 | 213.20 | OK | |||
r-devel-windows-x86_64 | 1.1.2 | 70.00 | 181.00 | 251.00 | OK | |
r-patched-linux-x86_64 | 1.1.2 | 18.38 | 139.60 | 157.98 | OK | |
r-release-linux-x86_64 | 1.1.2 | 15.24 | 139.31 | 154.55 | OK | |
r-release-macos-arm64 | 1.1.2 | 58.00 | OK | |||
r-release-macos-x86_64 | 1.1.2 | 79.00 | OK | |||
r-release-windows-x86_64 | 1.1.2 | 63.00 | 181.00 | 244.00 | OK | |
r-oldrel-macos-arm64 | 1.1.2 | 56.00 | OK | |||
r-oldrel-macos-x86_64 | 1.1.2 | 11.00 | ERROR | |||
r-oldrel-windows-ix86+x86_64 | 1.1.2 | 37.00 | 180.00 | 217.00 | OK |
Version: 1.1.2
Check: package dependencies
Result: ERROR
Package required and available but unsuitable version: ‘RBGL’
See section ‘The DESCRIPTION file’ in the ‘Writing R Extensions’
manual.
Flavor: r-oldrel-macos-x86_64