Last updated on 2022-08-15 08:50:08 CEST.
Flavor | Version | Tinstall | Tcheck | Ttotal | Status | Flags |
---|---|---|---|---|---|---|
r-devel-linux-x86_64-debian-clang | 1.0.1 | 2.45 | 39.15 | 41.60 | NOTE | |
r-devel-linux-x86_64-debian-gcc | 1.0.1 | 1.88 | 29.94 | 31.82 | NOTE | |
r-devel-linux-x86_64-fedora-clang | 1.0.1 | 63.41 | NOTE | |||
r-devel-linux-x86_64-fedora-gcc | 1.0.1 | 58.51 | NOTE | |||
r-devel-windows-x86_64 | 1.0.1 | 12.00 | 71.00 | 83.00 | NOTE | |
r-patched-linux-x86_64 | 1.0.1 | 2.84 | 36.69 | 39.53 | OK | |
r-release-linux-x86_64 | 1.0.1 | 2.62 | 37.36 | 39.98 | OK | |
r-release-macos-arm64 | 1.0.1 | 21.00 | OK | |||
r-release-macos-x86_64 | 1.0.1 | 29.00 | OK | |||
r-release-windows-x86_64 | 1.0.1 | 13.00 | 72.00 | 85.00 | OK | |
r-oldrel-macos-arm64 | 1.0.1 | 19.00 | OK | |||
r-oldrel-macos-x86_64 | 1.0.1 | 28.00 | OK | |||
r-oldrel-windows-ix86+x86_64 | 1.0.1 | 6.00 | 59.00 | 65.00 | OK |
Version: 1.0.1
Check: Rd files
Result: NOTE
checkRd: (-1) SEset_to_network.Rd:50: Escaped LaTeX specials: \&
checkRd: (-1) network_to_SEset.Rd:72: Escaped LaTeX specials: \&
checkRd: (-1) network_to_path.Rd:50: Escaped LaTeX specials: \&
checkRd: (-1) path_to_network.Rd:29: Escaped LaTeX specials: \&
Flavors: r-devel-linux-x86_64-debian-clang, r-devel-linux-x86_64-debian-gcc, r-devel-linux-x86_64-fedora-clang, r-devel-linux-x86_64-fedora-gcc, r-devel-windows-x86_64