Last updated on 2022-08-15 08:50:08 CEST.
Flavor | Version | Tinstall | Tcheck | Ttotal | Status | Flags |
---|---|---|---|---|---|---|
r-devel-linux-x86_64-debian-clang | 26.0-0.0 | 74.72 | 63.42 | 138.14 | OK | |
r-devel-linux-x86_64-debian-gcc | 26.0-0.0 | 67.79 | 49.75 | 117.54 | OK | |
r-devel-linux-x86_64-fedora-clang | 26.0-0.0 | 204.68 | NOTE | |||
r-devel-linux-x86_64-fedora-gcc | 26.0-0.0 | 198.25 | OK | |||
r-devel-windows-x86_64 | 26.0-0.0 | 81.00 | 89.00 | 170.00 | NOTE | |
r-patched-linux-x86_64 | 26.0-0.0 | 74.22 | 61.71 | 135.93 | OK | |
r-release-linux-x86_64 | 26.0-0.0 | 70.45 | 61.98 | 132.43 | OK | |
r-release-macos-arm64 | 26.0-0.0 | 78.00 | NOTE | |||
r-release-macos-x86_64 | 26.0-0.0 | 87.00 | NOTE | |||
r-release-windows-x86_64 | 26.0-0.0 | 79.00 | 89.00 | 168.00 | NOTE | |
r-oldrel-macos-arm64 | 26.0-0.0 | 80.00 | NOTE | |||
r-oldrel-macos-x86_64 | 26.0-0.0 | 91.00 | NOTE | |||
r-oldrel-windows-ix86+x86_64 | 26.0-0.0 | 107.00 | 87.00 | 194.00 | NOTE |
Version: 26.0-0.0
Check: installed package size
Result: NOTE
installed size is 6.9Mb
sub-directories of 1Mb or more:
data 6.7Mb
Flavors: r-devel-linux-x86_64-fedora-clang, r-devel-windows-x86_64, r-release-macos-arm64, r-release-macos-x86_64, r-release-windows-x86_64, r-oldrel-macos-arm64, r-oldrel-macos-x86_64, r-oldrel-windows-ix86+x86_64