Last updated on 2022-08-15 08:50:08 CEST.
Flavor | Version | Tinstall | Tcheck | Ttotal | Status | Flags |
---|---|---|---|---|---|---|
r-devel-linux-x86_64-debian-clang | 0.2.0 | 1.98 | 23.91 | 25.89 | NOTE | |
r-devel-linux-x86_64-debian-gcc | 0.2.0 | 1.66 | 18.97 | 20.63 | NOTE | |
r-devel-linux-x86_64-fedora-clang | 0.2.0 | 44.61 | NOTE | |||
r-devel-linux-x86_64-fedora-gcc | 0.2.0 | 41.82 | NOTE | |||
r-devel-windows-x86_64 | 0.2.0 | 11.00 | 52.00 | 63.00 | NOTE | |
r-patched-linux-x86_64 | 0.2.0 | 1.84 | 23.21 | 25.05 | NOTE | |
r-release-linux-x86_64 | 0.2.0 | 1.97 | 23.77 | 25.74 | NOTE | |
r-release-macos-arm64 | 0.2.0 | 16.00 | NOTE | |||
r-release-macos-x86_64 | 0.2.0 | 23.00 | NOTE | |||
r-release-windows-x86_64 | 0.2.0 | 9.00 | 52.00 | 61.00 | NOTE | |
r-oldrel-macos-arm64 | 0.2.0 | 17.00 | NOTE | |||
r-oldrel-macos-x86_64 | 0.2.0 | 29.00 | NOTE | |||
r-oldrel-windows-ix86+x86_64 | 0.2.0 | 5.00 | 43.00 | 48.00 | NOTE |
Version: 0.2.0
Check: LazyData
Result: NOTE
'LazyData' is specified without a 'data' directory
Flavors: r-devel-linux-x86_64-debian-clang, r-devel-linux-x86_64-debian-gcc, r-devel-linux-x86_64-fedora-clang, r-devel-linux-x86_64-fedora-gcc, r-devel-windows-x86_64, r-patched-linux-x86_64, r-release-linux-x86_64, r-release-macos-arm64, r-release-macos-x86_64, r-release-windows-x86_64, r-oldrel-macos-arm64, r-oldrel-macos-x86_64, r-oldrel-windows-ix86+x86_64