Last updated on 2022-08-15 08:50:08 CEST.
Flavor | Version | Tinstall | Tcheck | Ttotal | Status | Flags |
---|---|---|---|---|---|---|
r-devel-linux-x86_64-debian-clang | 0.1.0 | 49.29 | 395.78 | 445.07 | NOTE | |
r-devel-linux-x86_64-debian-gcc | 0.1.0 | 40.11 | 297.53 | 337.64 | NOTE | |
r-devel-linux-x86_64-fedora-clang | 0.1.0 | 582.11 | NOTE | |||
r-devel-linux-x86_64-fedora-gcc | 0.1.0 | 542.20 | NOTE | |||
r-devel-windows-x86_64 | 0.1.0 | 55.00 | 379.00 | 434.00 | NOTE | |
r-patched-linux-x86_64 | 0.1.0 | 30.12 | 381.13 | 411.25 | NOTE | |
r-release-linux-x86_64 | 0.1.0 | 31.96 | 381.85 | 413.81 | NOTE | |
r-release-macos-arm64 | 0.1.0 | 129.00 | NOTE | |||
r-release-macos-x86_64 | 0.1.0 | 185.00 | NOTE | |||
r-release-windows-x86_64 | 0.1.0 | 55.00 | 359.00 | 414.00 | NOTE | |
r-oldrel-macos-arm64 | 0.1.0 | 178.00 | NOTE | |||
r-oldrel-macos-x86_64 | 0.1.0 | 269.00 | NOTE | |||
r-oldrel-windows-ix86+x86_64 | 0.1.0 | 99.00 | 397.00 | 496.00 | NOTE |
Version: 0.1.0
Check: LazyData
Result: NOTE
'LazyData' is specified without a 'data' directory
Flavors: r-devel-linux-x86_64-debian-clang, r-devel-linux-x86_64-debian-gcc, r-devel-linux-x86_64-fedora-clang, r-devel-linux-x86_64-fedora-gcc, r-devel-windows-x86_64, r-patched-linux-x86_64, r-release-linux-x86_64, r-release-macos-arm64, r-release-macos-x86_64, r-release-windows-x86_64, r-oldrel-macos-arm64, r-oldrel-macos-x86_64, r-oldrel-windows-ix86+x86_64
Version: 0.1.0
Check: dependencies in R code
Result: NOTE
Namespace in Imports field not imported from: ‘utils’
All declared Imports should be used.
Flavors: r-devel-linux-x86_64-fedora-clang, r-devel-linux-x86_64-fedora-gcc, r-release-macos-arm64, r-release-macos-x86_64, r-oldrel-macos-arm64, r-oldrel-macos-x86_64