Last updated on 2022-08-15 08:50:09 CEST.
Flavor | Version | Tinstall | Tcheck | Ttotal | Status | Flags |
---|---|---|---|---|---|---|
r-devel-linux-x86_64-debian-clang | 1.1.0 | 46.99 | 67.21 | 114.20 | OK | |
r-devel-linux-x86_64-debian-gcc | 1.1.0 | 38.68 | 51.78 | 90.46 | OK | |
r-devel-linux-x86_64-fedora-clang | 1.1.0 | 218.32 | NOTE | |||
r-devel-linux-x86_64-fedora-gcc | 1.1.0 | 192.20 | NOTE | |||
r-devel-windows-x86_64 | 1.1.0 | 53.00 | 119.00 | 172.00 | OK | |
r-patched-linux-x86_64 | 1.1.0 | 41.14 | 62.24 | 103.38 | OK | |
r-release-linux-x86_64 | 1.1.0 | 38.60 | 64.10 | 102.70 | OK | |
r-release-macos-arm64 | 1.1.0 | 43.00 | OK | |||
r-release-macos-x86_64 | 1.1.0 | 63.00 | OK | |||
r-release-windows-x86_64 | 1.1.0 | 47.00 | 122.00 | 169.00 | OK | |
r-oldrel-macos-arm64 | 1.1.0 | 49.00 | OK | |||
r-oldrel-macos-x86_64 | 1.1.0 | 99.00 | OK | |||
r-oldrel-windows-ix86+x86_64 | 1.1.0 | 121.00 | 124.00 | 245.00 | OK |
Version: 1.1.0
Check: for detritus in the temp directory
Result: NOTE
Found the following files/directories:
‘Crashpad’
Flavors: r-devel-linux-x86_64-fedora-clang, r-devel-linux-x86_64-fedora-gcc