Last updated on 2022-08-15 08:50:09 CEST.
Flavor | Version | Tinstall | Tcheck | Ttotal | Status | Flags |
---|---|---|---|---|---|---|
r-devel-linux-x86_64-debian-clang | 0.0.4 | 51.41 | 268.04 | 319.45 | OK | |
r-devel-linux-x86_64-debian-gcc | 0.0.4 | 43.72 | 194.69 | 238.41 | OK | |
r-devel-linux-x86_64-fedora-clang | 0.0.4 | 401.74 | NOTE | |||
r-devel-linux-x86_64-fedora-gcc | 0.0.4 | 391.83 | NOTE | |||
r-devel-windows-x86_64 | 0.0.4 | 63.00 | 266.00 | 329.00 | NOTE | |
r-patched-linux-x86_64 | 0.0.4 | 51.78 | 261.91 | 313.69 | OK | |
r-release-linux-x86_64 | 0.0.4 | 38.62 | 263.18 | 301.80 | OK | |
r-release-macos-arm64 | 0.0.4 | 156.00 | NOTE | |||
r-release-macos-x86_64 | 0.0.4 | 196.00 | NOTE | |||
r-release-windows-x86_64 | 0.0.4 | 64.00 | 270.00 | 334.00 | NOTE | |
r-oldrel-macos-arm64 | 0.0.4 | 156.00 | NOTE | |||
r-oldrel-macos-x86_64 | 0.0.4 | 191.00 | NOTE | |||
r-oldrel-windows-ix86+x86_64 | 0.0.4 | 85.00 | 282.00 | 367.00 | NOTE |
Version: 0.0.4
Check: installed package size
Result: NOTE
installed size is 5.5Mb
sub-directories of 1Mb or more:
data 5.1Mb
Flavors: r-devel-linux-x86_64-fedora-clang, r-devel-windows-x86_64, r-release-macos-arm64, r-release-macos-x86_64, r-release-windows-x86_64, r-oldrel-macos-arm64, r-oldrel-macos-x86_64, r-oldrel-windows-ix86+x86_64
Version: 0.0.4
Check: data for non-ASCII characters
Result: NOTE
Note: found 23 marked UTF-8 strings
Flavors: r-devel-linux-x86_64-fedora-clang, r-devel-linux-x86_64-fedora-gcc, r-release-macos-arm64, r-release-macos-x86_64, r-oldrel-macos-arm64, r-oldrel-macos-x86_64