Last updated on 2022-08-15 08:50:09 CEST.
Flavor | Version | Tinstall | Tcheck | Ttotal | Status | Flags |
---|---|---|---|---|---|---|
r-devel-linux-x86_64-debian-clang | 1.1.2 | 16.47 | 123.33 | 139.80 | OK | |
r-devel-linux-x86_64-debian-gcc | 1.1.2 | 12.33 | 90.75 | 103.08 | OK | |
r-devel-linux-x86_64-fedora-clang | 1.1.2 | 184.52 | NOTE | |||
r-devel-linux-x86_64-fedora-gcc | 1.1.2 | 168.96 | NOTE | |||
r-devel-windows-x86_64 | 1.1.2 | 27.00 | 136.00 | 163.00 | OK | |
r-patched-linux-x86_64 | 1.1.2 | 13.30 | 113.79 | 127.09 | OK | |
r-release-linux-x86_64 | 1.1.2 | 10.41 | 115.31 | 125.72 | OK | |
r-release-macos-arm64 | 1.1.2 | 45.00 | NOTE | |||
r-release-macos-x86_64 | 1.1.2 | 82.00 | NOTE | |||
r-release-windows-x86_64 | 1.1.2 | 28.00 | 137.00 | 165.00 | OK | |
r-oldrel-macos-arm64 | 1.1.2 | 43.00 | NOTE | |||
r-oldrel-macos-x86_64 | 1.1.2 | 59.00 | NOTE | |||
r-oldrel-windows-ix86+x86_64 | 1.1.2 | 40.00 | 136.00 | 176.00 | OK |
Version: 1.1.2
Check: dependencies in R code
Result: NOTE
Namespace in Imports field not imported from: ‘rlist’
All declared Imports should be used.
Flavors: r-devel-linux-x86_64-fedora-clang, r-devel-linux-x86_64-fedora-gcc, r-release-macos-arm64, r-release-macos-x86_64, r-oldrel-macos-arm64, r-oldrel-macos-x86_64