Last updated on 2022-08-15 08:50:09 CEST.
Flavor | Version | Tinstall | Tcheck | Ttotal | Status | Flags |
---|---|---|---|---|---|---|
r-devel-linux-x86_64-debian-clang | 1.1.0 | 54.76 | 470.84 | 525.60 | OK | |
r-devel-linux-x86_64-debian-gcc | 1.1.0 | 40.79 | 342.04 | 382.83 | OK | |
r-devel-linux-x86_64-fedora-clang | 1.1.0 | 651.49 | NOTE | |||
r-devel-linux-x86_64-fedora-gcc | 1.1.0 | 608.57 | OK | |||
r-devel-windows-x86_64 | 1.1.0 | 119.00 | 463.00 | 582.00 | OK | |
r-patched-linux-x86_64 | 1.1.0 | 48.39 | 437.51 | 485.90 | OK | |
r-release-linux-x86_64 | 1.1.0 | 48.23 | 445.76 | 493.99 | OK | |
r-release-macos-arm64 | 1.1.0 | 132.00 | OK | |||
r-release-macos-x86_64 | 1.1.0 | 251.00 | OK | |||
r-release-windows-x86_64 | 1.1.0 | 131.00 | 473.00 | 604.00 | OK | |
r-oldrel-macos-arm64 | 1.1.0 | 141.00 | OK | |||
r-oldrel-macos-x86_64 | 1.1.0 | 174.00 | OK | |||
r-oldrel-windows-ix86+x86_64 | 1.1.0 | 129.00 | 508.00 | 637.00 | OK |
Version: 1.1.0
Check: package dependencies
Result: NOTE
Imports includes 31 non-default packages.
Importing from so many packages makes the package vulnerable to any of
them becoming unavailable. Move as many as possible to Suggests and
use conditionally.
Flavor: r-devel-linux-x86_64-fedora-clang