Last updated on 2022-08-15 08:50:09 CEST.
Flavor | Version | Tinstall | Tcheck | Ttotal | Status | Flags |
---|---|---|---|---|---|---|
r-devel-linux-x86_64-debian-clang | 1.0.0 | 4.15 | 40.01 | 44.16 | NOTE | |
r-devel-linux-x86_64-debian-gcc | 1.0.0 | 3.27 | 30.91 | 34.18 | NOTE | |
r-devel-linux-x86_64-fedora-clang | 1.0.0 | 66.26 | NOTE | |||
r-devel-linux-x86_64-fedora-gcc | 1.0.0 | 62.09 | NOTE | |||
r-devel-windows-x86_64 | 1.0.0 | 9.00 | 67.00 | 76.00 | OK | |
r-patched-linux-x86_64 | 1.0.0 | 3.36 | 38.08 | 41.44 | NOTE | |
r-release-linux-x86_64 | 1.0.0 | 3.50 | 38.62 | 42.12 | NOTE | |
r-release-macos-arm64 | 1.0.0 | 22.00 | OK | |||
r-release-macos-x86_64 | 1.0.0 | 29.00 | OK | |||
r-release-windows-x86_64 | 1.0.0 | 9.00 | 75.00 | 84.00 | OK | |
r-oldrel-macos-arm64 | 1.0.0 | 26.00 | OK | |||
r-oldrel-macos-x86_64 | 1.0.0 | 38.00 | OK | |||
r-oldrel-windows-ix86+x86_64 | 1.0.0 | 9.00 | 63.00 | 72.00 | OK |
Version: 1.0.0
Check: for non-standard things in the check directory
Result: NOTE
Found the following files/directories:
'AlphaGA_3.txt' 'AlphaML_3.txt' 'BetaGA_3.txt' 'BetaML_3.txt'
'Performance_GA_ML_ 3 .pdf' 'SPIGA_3Pmon.Pm_St1.pdf'
'SPIGA_3Pmon.Pm_St2.pdf' 'SPI_AG_3.txt' 'SPI_ML_3.txt'
'SPI_ML_3Pm_St1.pdf' 'SPI_ML_3Pm_St2.pdf' 'SPI_ML_3Pm_St3.pdf'
'SPI_ML_3Pm_St4.pdf' 'SPI_PARAM_3.txt' 'SPI_PARAM_3Pm_St1.pdf'
'SPI_PARAM_3Pm_St2.pdf' 'SPI_PARAM_3Pm_St3.pdf'
'SPI_PARAM_3Pm_St4.pdf'
Flavors: r-devel-linux-x86_64-debian-clang, r-devel-linux-x86_64-debian-gcc, r-devel-linux-x86_64-fedora-clang, r-devel-linux-x86_64-fedora-gcc, r-patched-linux-x86_64, r-release-linux-x86_64