Last updated on 2022-08-15 08:50:09 CEST.
Flavor | Version | Tinstall | Tcheck | Ttotal | Status | Flags |
---|---|---|---|---|---|---|
r-devel-linux-x86_64-debian-clang | 1.1 | 4.31 | 39.87 | 44.18 | OK | |
r-devel-linux-x86_64-debian-gcc | 1.1 | 3.89 | 30.19 | 34.08 | OK | |
r-devel-linux-x86_64-fedora-clang | 1.1 | 67.75 | NOTE | |||
r-devel-linux-x86_64-fedora-gcc | 1.1 | 63.15 | OK | |||
r-devel-windows-x86_64 | 1.1 | 15.00 | 66.00 | 81.00 | OK | |
r-patched-linux-x86_64 | 1.1 | 5.37 | 38.03 | 43.40 | OK | |
r-release-linux-x86_64 | 1.1 | 4.51 | 39.26 | 43.77 | OK | |
r-release-macos-arm64 | 1.1 | 20.00 | OK | |||
r-release-macos-x86_64 | 1.1 | 32.00 | OK | |||
r-release-windows-x86_64 | 1.1 | 9.00 | 73.00 | 82.00 | OK | |
r-oldrel-macos-arm64 | 1.1 | 24.00 | OK | |||
r-oldrel-macos-x86_64 | 1.1 | 36.00 | OK | |||
r-oldrel-windows-ix86+x86_64 | 1.1 | 9.00 | 61.00 | 70.00 | OK |
Version: 1.1
Check: Rd cross-references
Result: NOTE
Undeclared packages ‘RColorBrewer’, ‘colorspace’ in Rd xrefs
Flavor: r-devel-linux-x86_64-fedora-clang