Last updated on 2022-08-15 08:50:09 CEST.
Flavor | Version | Tinstall | Tcheck | Ttotal | Status | Flags |
---|---|---|---|---|---|---|
r-devel-linux-x86_64-debian-clang | 1.0.1 | 5.06 | 45.18 | 50.24 | NOTE | |
r-devel-linux-x86_64-debian-gcc | 1.0.1 | 3.48 | 34.15 | 37.63 | NOTE | |
r-devel-linux-x86_64-fedora-clang | 1.0.1 | 72.96 | NOTE | |||
r-devel-linux-x86_64-fedora-gcc | 1.0.1 | 65.51 | NOTE | |||
r-devel-windows-x86_64 | 1.0.1 | 27.00 | 69.00 | 96.00 | NOTE | |
r-patched-linux-x86_64 | 1.0.1 | 4.12 | 42.06 | 46.18 | NOTE | |
r-release-linux-x86_64 | 1.0.1 | 4.53 | 41.41 | 45.94 | NOTE | |
r-release-macos-arm64 | 1.0.1 | 20.00 | NOTE | |||
r-release-macos-x86_64 | 1.0.1 | 32.00 | NOTE | |||
r-release-windows-x86_64 | 1.0.1 | 22.00 | 68.00 | 90.00 | NOTE | |
r-oldrel-macos-arm64 | 1.0.1 | 27.00 | NOTE | |||
r-oldrel-macos-x86_64 | 1.0.1 | 45.00 | NOTE | |||
r-oldrel-windows-ix86+x86_64 | 1.0.1 | 11.00 | 64.00 | 75.00 | NOTE |
Version: 1.0.1
Check: LazyData
Result: NOTE
'LazyData' is specified without a 'data' directory
Flavors: r-devel-linux-x86_64-debian-clang, r-devel-linux-x86_64-debian-gcc, r-devel-linux-x86_64-fedora-clang, r-devel-linux-x86_64-fedora-gcc, r-devel-windows-x86_64, r-patched-linux-x86_64, r-release-linux-x86_64, r-release-macos-arm64, r-release-macos-x86_64, r-release-windows-x86_64, r-oldrel-macos-arm64, r-oldrel-macos-x86_64, r-oldrel-windows-ix86+x86_64