Last updated on 2022-08-15 08:50:09 CEST.
Flavor | Version | Tinstall | Tcheck | Ttotal | Status | Flags |
---|---|---|---|---|---|---|
r-devel-linux-x86_64-debian-clang | 0.2.1 | 31.88 | 29.79 | 61.67 | NOTE | |
r-devel-linux-x86_64-debian-gcc | 0.2.1 | 29.06 | 23.36 | 52.42 | NOTE | |
r-devel-linux-x86_64-fedora-clang | 0.2.1 | 104.58 | NOTE | |||
r-devel-linux-x86_64-fedora-gcc | 0.2.1 | 92.86 | NOTE | |||
r-devel-windows-x86_64 | 0.2.1 | 37.00 | 71.00 | 108.00 | NOTE | |
r-patched-linux-x86_64 | 0.2.1 | 26.91 | 28.91 | 55.82 | OK | |
r-release-linux-x86_64 | 0.2.1 | 30.25 | 29.51 | 59.76 | OK | |
r-release-macos-arm64 | 0.2.1 | 29.00 | NOTE | |||
r-release-macos-x86_64 | 0.2.1 | 36.00 | NOTE | |||
r-release-windows-x86_64 | 0.2.1 | 32.00 | 77.00 | 109.00 | OK | |
r-oldrel-macos-arm64 | 0.2.1 | 32.00 | NOTE | |||
r-oldrel-macos-x86_64 | 0.2.1 | 46.00 | NOTE | |||
r-oldrel-windows-ix86+x86_64 | 0.2.1 | 88.00 | 78.00 | 166.00 | OK |
Version: 0.2.1
Check: package subdirectories
Result: NOTE
Problems with news in 'NEWS.md':
No news entries found.
Flavors: r-devel-linux-x86_64-debian-clang, r-devel-linux-x86_64-debian-gcc, r-devel-linux-x86_64-fedora-clang, r-devel-linux-x86_64-fedora-gcc, r-devel-windows-x86_64
Version: 0.2.1
Check: dependencies in R code
Result: NOTE
Namespace in Imports field not imported from: ‘MASS’
All declared Imports should be used.
Flavors: r-devel-linux-x86_64-fedora-clang, r-devel-linux-x86_64-fedora-gcc, r-release-macos-arm64, r-release-macos-x86_64, r-oldrel-macos-arm64, r-oldrel-macos-x86_64