Last updated on 2022-08-15 08:50:10 CEST.
Flavor | Version | Tinstall | Tcheck | Ttotal | Status | Flags |
---|---|---|---|---|---|---|
r-devel-linux-x86_64-debian-clang | 0.5.8 | 44.89 | 423.93 | 468.82 | NOTE | |
r-devel-linux-x86_64-debian-gcc | 0.5.8 | 38.96 | 313.65 | 352.61 | NOTE | |
r-devel-linux-x86_64-fedora-clang | 0.5.8 | 586.26 | NOTE | |||
r-devel-linux-x86_64-fedora-gcc | 0.5.8 | 554.37 | NOTE | |||
r-devel-windows-x86_64 | 0.5.8 | 66.00 | 411.00 | 477.00 | NOTE | |
r-patched-linux-x86_64 | 0.5.8 | 41.91 | 399.89 | 441.80 | NOTE | |
r-release-linux-x86_64 | 0.5.8 | 32.97 | 395.66 | 428.63 | NOTE | |
r-release-macos-arm64 | 0.5.8 | 142.00 | NOTE | |||
r-release-macos-x86_64 | 0.5.8 | 242.00 | NOTE | |||
r-release-windows-x86_64 | 0.5.8 | 61.00 | 425.00 | 486.00 | NOTE | |
r-oldrel-macos-arm64 | 0.5.8 | 191.00 | NOTE | |||
r-oldrel-macos-x86_64 | 0.5.8 | 280.00 | NOTE | |||
r-oldrel-windows-ix86+x86_64 | 0.5.8 | 97.00 | 417.00 | 514.00 | NOTE |
Version: 0.5.8
Check: package dependencies
Result: NOTE
Package suggested but not available for checking: 'STRaitRazoR'
Flavors: r-devel-linux-x86_64-debian-clang, r-devel-linux-x86_64-debian-gcc, r-devel-linux-x86_64-fedora-clang, r-devel-linux-x86_64-fedora-gcc, r-devel-windows-x86_64, r-patched-linux-x86_64, r-release-linux-x86_64, r-release-macos-arm64, r-release-macos-x86_64, r-release-windows-x86_64, r-oldrel-macos-arm64, r-oldrel-macos-x86_64, r-oldrel-windows-ix86+x86_64